{"id":23011,"date":"2024-05-23T16:59:33","date_gmt":"2024-05-23T14:59:33","guid":{"rendered":"https:\/\/swetechockey.com\/startsida\/?post_type=product&#038;p=23011"},"modified":"2026-01-27T09:41:35","modified_gmt":"2026-01-27T08:41:35","slug":"eat-sleep-hockey-hoodie","status":"publish","type":"product","link":"https:\/\/swetechockey.com\/startsida\/produkt\/eat-sleep-hockey-hoodie\/","title":{"rendered":"EAT, SLEEP HOCKEY &#8211; HOODIE"},"content":{"rendered":"<p>Hoodie med CCM brodyr p\u00e5 br\u00f6stet. Tryck p\u00e5 br\u00f6stet EAT, SLEEP, HOCKEY<br \/>\nF\u00c4RG: Svart<\/p>\n<p>H\u00f6gsta kvalitet med 70% traditionell bomull samt 30% polyester. Snygg att ha till\/efter tr\u00e4ning.<\/p>\n<p>&nbsp;<\/p>\n","protected":false},"excerpt":{"rendered":"<p>Hoodie med CCM brodyr p\u00e5 br\u00f6stet. Tryck p\u00e5 br\u00f6stet EAT, SLEEP, HOCKEY F\u00c4RG: Svart H\u00f6gsta kvalitet med 70% traditionell bomull samt 30% polyester. Snygg att ha till\/efter tr\u00e4ning. &nbsp;<\/p>\n","protected":false},"featured_media":23016,"template":"","meta":{"_price":"349","_stock":"1","_tribe_ticket_header":"","_tribe_default_ticket_provider":"","_tribe_ticket_capacity":"3","_ticket_start_date":"","_ticket_end_date":"","_tribe_ticket_show_description":"","_tribe_ticket_show_not_going":false,"_tribe_ticket_use_global_stock":"","_tribe_ticket_global_stock_level":"","_global_stock_mode":"","_global_stock_cap":"","_tribe_rsvp_for_event":"","_tribe_ticket_going_count":"","_tribe_ticket_not_going_count":"","_tribe_tickets_list":"[]","_tribe_ticket_has_attendee_info_fields":false,"_tec_slr_enabled":"","_tec_slr_layout":""},"product_brand":[],"product_cat":[28,47],"product_tag":[],"class_list":{"0":"post-23011","1":"product","2":"type-product","3":"status-publish","4":"has-post-thumbnail","6":"product_cat-klader","7":"product_cat-nyheter","8":"entry","9":"has-media","11":"first","12":"instock","13":"shipping-taxable","14":"purchasable","15":"product-type-variable"},"_links":{"self":[{"href":"https:\/\/swetechockey.com\/startsida\/wp-json\/wp\/v2\/product\/23011","targetHints":{"allow":["GET"]}}],"collection":[{"href":"https:\/\/swetechockey.com\/startsida\/wp-json\/wp\/v2\/product"}],"about":[{"href":"https:\/\/swetechockey.com\/startsida\/wp-json\/wp\/v2\/types\/product"}],"wp:featuredmedia":[{"embeddable":true,"href":"https:\/\/swetechockey.com\/startsida\/wp-json\/wp\/v2\/media\/23016"}],"wp:attachment":[{"href":"https:\/\/swetechockey.com\/startsida\/wp-json\/wp\/v2\/media?parent=23011"}],"wp:term":[{"taxonomy":"product_brand","embeddable":true,"href":"https:\/\/swetechockey.com\/startsida\/wp-json\/wp\/v2\/product_brand?post=23011"},{"taxonomy":"product_cat","embeddable":true,"href":"https:\/\/swetechockey.com\/startsida\/wp-json\/wp\/v2\/product_cat?post=23011"},{"taxonomy":"product_tag","embeddable":true,"href":"https:\/\/swetechockey.com\/startsida\/wp-json\/wp\/v2\/product_tag?post=23011"}],"curies":[{"name":"wp","href":"https:\/\/api.w.org\/{rel}","templated":true}]}}