{"id":21597,"date":"2023-09-15T00:04:08","date_gmt":"2023-09-14T22:04:08","guid":{"rendered":"https:\/\/swetechockey.com\/startsida\/?post_type=product&#038;p=21597"},"modified":"2025-01-27T12:01:17","modified_gmt":"2025-01-27T11:01:17","slug":"keps-ccm-team-flexfit","status":"publish","type":"product","link":"https:\/\/swetechockey.com\/startsida\/produkt\/keps-ccm-team-flexfit\/","title":{"rendered":"Keps CCM Team Flexfit"},"content":{"rendered":"<p>Flexfit keps f\u00f6r en hockey\u00e4lskare!<br \/>\nDenna keps fr\u00e5n CCM \u00e4r b\u00e5de stilren och finns i tv\u00e5 storlek small\/medium, Large\/X-large. Swetec S:et broderat fram, CCM p\u00e5 sidan av sk\u00e4rmen.<\/p>\n<p>F\u00e4rg: Navy<\/p>\n<p>F\u00f6rst till kvarn som g\u00e4ller!!<\/p>\n<p>&nbsp;<\/p>\n","protected":false},"excerpt":{"rendered":"<p>Flexfit keps f\u00f6r en hockey\u00e4lskare! Denna keps fr\u00e5n CCM \u00e4r b\u00e5de stilren och finns i tv\u00e5 storlek small\/medium, Large\/X-large. Swetec S:et broderat fram, CCM p\u00e5 sidan av sk\u00e4rmen. F\u00e4rg: Navy&hellip;<\/p>\n","protected":false},"featured_media":21602,"template":"","meta":{"_price":"229","_stock":"1","_tribe_ticket_header":"","_tribe_default_ticket_provider":"","_tribe_ticket_capacity":"1","_ticket_start_date":"","_ticket_end_date":"","_tribe_ticket_show_description":"","_tribe_ticket_show_not_going":false,"_tribe_ticket_use_global_stock":"","_tribe_ticket_global_stock_level":"","_global_stock_mode":"","_global_stock_cap":"","_tribe_rsvp_for_event":"","_tribe_ticket_going_count":"","_tribe_ticket_not_going_count":"","_tribe_tickets_list":"[]","_tribe_ticket_has_attendee_info_fields":false,"_tec_slr_enabled":"","_tec_slr_layout":""},"product_brand":[],"product_cat":[30],"product_tag":[],"class_list":{"0":"post-21597","1":"product","2":"type-product","3":"status-publish","4":"has-post-thumbnail","6":"product_cat-okategoriserad","7":"entry","8":"has-media","10":"first","11":"instock","12":"shipping-taxable","13":"purchasable","14":"product-type-variable"},"_links":{"self":[{"href":"https:\/\/swetechockey.com\/startsida\/wp-json\/wp\/v2\/product\/21597","targetHints":{"allow":["GET"]}}],"collection":[{"href":"https:\/\/swetechockey.com\/startsida\/wp-json\/wp\/v2\/product"}],"about":[{"href":"https:\/\/swetechockey.com\/startsida\/wp-json\/wp\/v2\/types\/product"}],"wp:featuredmedia":[{"embeddable":true,"href":"https:\/\/swetechockey.com\/startsida\/wp-json\/wp\/v2\/media\/21602"}],"wp:attachment":[{"href":"https:\/\/swetechockey.com\/startsida\/wp-json\/wp\/v2\/media?parent=21597"}],"wp:term":[{"taxonomy":"product_brand","embeddable":true,"href":"https:\/\/swetechockey.com\/startsida\/wp-json\/wp\/v2\/product_brand?post=21597"},{"taxonomy":"product_cat","embeddable":true,"href":"https:\/\/swetechockey.com\/startsida\/wp-json\/wp\/v2\/product_cat?post=21597"},{"taxonomy":"product_tag","embeddable":true,"href":"https:\/\/swetechockey.com\/startsida\/wp-json\/wp\/v2\/product_tag?post=21597"}],"curies":[{"name":"wp","href":"https:\/\/api.w.org\/{rel}","templated":true}]}}