{"id":21192,"date":"2023-07-20T15:20:51","date_gmt":"2023-07-20T13:20:51","guid":{"rendered":"https:\/\/swetechockey.com\/startsida\/?post_type=product&#038;p=21192"},"modified":"2024-07-17T14:01:34","modified_gmt":"2024-07-17T12:01:34","slug":"ccm-t-shirt-summarcamp","status":"publish","type":"product","link":"https:\/\/swetechockey.com\/startsida\/produkt\/ccm-t-shirt-summarcamp\/","title":{"rendered":"CCM T-shirt Summarcamp"},"content":{"rendered":"<p>Smidig T-shirt med CCM tryckt h\u00f6ger axlen. Tryck p\u00e5 br\u00f6stet CCM SUMMER CHALLENGE<br \/>\nF\u00c4RG: Bl\u00e5<\/p>\n<p>Snabbtorkande funktionsmaterial som har en k\u00e4nsla av traditionell bomull. Snygg och praktisk f\u00f6r tr\u00e4ning p\u00e5 en och samma g\u00e5ng!<\/p>\n<p>&nbsp;<\/p>\n","protected":false},"excerpt":{"rendered":"<p>Smidig T-shirt med CCM tryckt h\u00f6ger axlen. Tryck p\u00e5 br\u00f6stet CCM SUMMER CHALLENGE F\u00c4RG: Bl\u00e5 Snabbtorkande funktionsmaterial som har en k\u00e4nsla av traditionell bomull. Snygg och praktisk f\u00f6r tr\u00e4ning p\u00e5&hellip;<\/p>\n","protected":false},"featured_media":21198,"template":"","meta":{"_price":"249","_stock":"5","_tribe_ticket_header":"","_tribe_default_ticket_provider":"","_tribe_ticket_capacity":"5","_ticket_start_date":"","_ticket_end_date":"","_tribe_ticket_show_description":"","_tribe_ticket_show_not_going":false,"_tribe_ticket_use_global_stock":"","_tribe_ticket_global_stock_level":"","_global_stock_mode":"","_global_stock_cap":"","_tribe_rsvp_for_event":"","_tribe_ticket_going_count":"","_tribe_ticket_not_going_count":"","_tribe_tickets_list":"[]","_tribe_ticket_has_attendee_info_fields":false,"_tec_slr_enabled":"","_tec_slr_layout":""},"product_brand":[],"product_cat":[30],"product_tag":[],"class_list":{"0":"post-21192","1":"product","2":"type-product","3":"status-publish","4":"has-post-thumbnail","6":"product_cat-okategoriserad","7":"entry","8":"has-media","10":"first","11":"instock","12":"shipping-taxable","13":"purchasable","14":"product-type-variable"},"_links":{"self":[{"href":"https:\/\/swetechockey.com\/startsida\/wp-json\/wp\/v2\/product\/21192","targetHints":{"allow":["GET"]}}],"collection":[{"href":"https:\/\/swetechockey.com\/startsida\/wp-json\/wp\/v2\/product"}],"about":[{"href":"https:\/\/swetechockey.com\/startsida\/wp-json\/wp\/v2\/types\/product"}],"wp:featuredmedia":[{"embeddable":true,"href":"https:\/\/swetechockey.com\/startsida\/wp-json\/wp\/v2\/media\/21198"}],"wp:attachment":[{"href":"https:\/\/swetechockey.com\/startsida\/wp-json\/wp\/v2\/media?parent=21192"}],"wp:term":[{"taxonomy":"product_brand","embeddable":true,"href":"https:\/\/swetechockey.com\/startsida\/wp-json\/wp\/v2\/product_brand?post=21192"},{"taxonomy":"product_cat","embeddable":true,"href":"https:\/\/swetechockey.com\/startsida\/wp-json\/wp\/v2\/product_cat?post=21192"},{"taxonomy":"product_tag","embeddable":true,"href":"https:\/\/swetechockey.com\/startsida\/wp-json\/wp\/v2\/product_tag?post=21192"}],"curies":[{"name":"wp","href":"https:\/\/api.w.org\/{rel}","templated":true}]}}