{"id":4647,"date":"2017-10-01T21:12:10","date_gmt":"2017-10-01T19:12:10","guid":{"rendered":"http:\/\/swetechockey.com\/?page_id=4647"},"modified":"2025-12-30T07:56:25","modified_gmt":"2025-12-30T06:56:25","slug":"sunday-skate-skills","status":"publish","type":"page","link":"https:\/\/swetechockey.com\/startsida\/utbildningar\/sunday-skate-skills\/","title":{"rendered":"Sunday Skills"},"content":{"rendered":"<div class=\"wpb-content-wrapper\">[vc_row column_spacing=&#8221;60&#8243;][vc_column width=&#8221;2\/3&#8243;][vc_empty_space height=&#8221;62px&#8221;][vc_column_text css=&#8221;&#8221;]\n<h2><strong><span style=\"font-size: 24px;\"><img loading=\"lazy\" decoding=\"async\" class=\"wp-image-25437 alignleft\" src=\"https:\/\/media.swetechockey.com\/2025\/08\/sundayskills3-150x150.png\" alt=\"\" width=\"162\" height=\"162\" srcset=\"https:\/\/media.swetechockey.com\/2025\/08\/sundayskills3-150x150.png 150w, https:\/\/media.swetechockey.com\/2025\/08\/sundayskills3-300x300.png 300w, https:\/\/media.swetechockey.com\/2025\/08\/sundayskills3-768x768.png 768w, https:\/\/media.swetechockey.com\/2025\/08\/sundayskills3-600x600.png 600w, https:\/\/media.swetechockey.com\/2025\/08\/sundayskills3-100x100.png 100w, https:\/\/media.swetechockey.com\/2025\/08\/sundayskills3.png 1000w\" sizes=\"auto, (max-width: 162px) 100vw, 162px\" \/>SUNDAY SKILLS &#8211; Small group<\/span><\/strong><\/h2>\n<p>Alla dessa pass har olika TEMAN med individuell inriktning, ALLTID 1 tim SKATE och 1 tim Kombo \u00f6vningar. Dessa tr\u00e4ningspass \u00e4r bra tillf\u00e4lle att l\u00e4ra k\u00e4nna p\u00e5 Swetec och visa upp sig om man vill ans\u00f6ka till Akademin.Du kan boka enstaka pass eller en serie pass f\u00f6r att f\u00f6rfina och komplettera din lagtr\u00e4ning.<\/p>\n<ul>\n<li>S\u00f6ndagar 09.00-11.00<\/li>\n<li>Pris: 875 kr<\/li>\n<li>Plats: \u00d6ster\u00e5s Ishall<\/li>\n<li>Spelare + Swetec Academi spelare<\/li>\n<\/ul>\n<h3><em><img loading=\"lazy\" decoding=\"async\" class=\"size-thumbnail wp-image-22694 alignleft\" src=\"https:\/\/media.swetechockey.com\/2024\/03\/typorama-150x150.png\" alt=\"\" width=\"150\" height=\"150\" srcset=\"https:\/\/media.swetechockey.com\/2024\/03\/typorama-150x150.png 150w, https:\/\/media.swetechockey.com\/2024\/03\/typorama-300x300.png 300w, https:\/\/media.swetechockey.com\/2024\/03\/typorama-1024x1024.png 1024w, https:\/\/media.swetechockey.com\/2024\/03\/typorama-768x768.png 768w, https:\/\/media.swetechockey.com\/2024\/03\/typorama-1536x1536.png 1536w, https:\/\/media.swetechockey.com\/2024\/03\/typorama-600x600.png 600w, https:\/\/media.swetechockey.com\/2024\/03\/typorama-100x100.png 100w, https:\/\/media.swetechockey.com\/2024\/03\/typorama.png 2048w\" sizes=\"auto, (max-width: 150px) 100vw, 150px\" \/> <\/em><strong><span style=\"font-size: 24px;\">ISHOCKEYPT &#8211; 1 ON 1<\/span><\/strong><\/h3>\n<p>Man kan BOKA som enskild spelare eller tillsammans med lagkamrat att tr\u00e4na med &#8211; <strong>IshockeyPT Dag Wenstr\u00f6m.<\/strong><\/p>\n<p>Tr\u00e4ningspassen \u00e4r i \u00d6ster\u00e5s Ishall under endast DAGTID m\u00e5ndag till fredag.<br \/>\n<strong>Maila till:<\/strong> \u00a0<strong><a href=\"mailto:dagge@swetechockey.com\">dagge@swetechockey.com <\/a><\/strong>s\u00e5 kontaktar vi er snarast.[\/vc_column_text][\/vc_column][vc_column width=&#8221;1\/3&#8243;][vc_tta_accordion gap=&#8221;1&#8243; c_icon=&#8221;&#8221; active_section=&#8221;8&#8243; el_class=&#8221;faktabox&#8221; css=&#8221;.vc_custom_1636152710249{margin-top: 60px !important;}&#8221;][vc_tta_section title=&#8221;Fakta&#8221; tab_id=&#8221;1636151578080-02ead474-9d83&#8243;][vc_column_text css=&#8221;&#8221;]<strong>Utbildning:\u00a0<\/strong> 2 tim per\/spelare<\/p>\n<ul>\n<li><strong>L\u00e5na tr\u00e4ningstr\u00f6ja\u00a0<\/strong><\/li>\n<li><strong>Antal:<\/strong>\u00a0 8 &#8211; 16 st spelare<\/li>\n<li><strong>Plats:<\/strong> \u00d6ster\u00e5s Ishall H\u00f6vdingsgatan 16\/H\u00e4ssleholm<\/li>\n<li><strong>Tid:<\/strong>\u00a0S\u00f6ndag 09.00-11.00<\/li>\n<li><strong>Samling:<\/strong> 30 min innan start<\/li>\n<\/ul>\n<p><strong>OBS!<\/strong>\u00a0Med reservation f\u00f6r \u00e4ndringar.[\/vc_column_text][\/vc_tta_section][vc_tta_section title=&#8221;Passets uppbyggnad&#8221; tab_id=&#8221;1636151578112-f1873e51-a94b&#8221;][vc_column_text css=&#8221;.vc_custom_1685531416452{margin-bottom: 40px !important;}&#8221;]08.30 Genomg\u00e5ng\/Uppv\u00e4rmning<br \/>\n09.00 &#8211; 10.00 Skate &#8211; Bas\/balans<br \/>\n10.00 &#8211; 11.00 Skills \u00a0&#8211; klubba\/skott[\/vc_column_text][\/vc_tta_section][vc_tta_section title=&#8221;Ledare&#8221; tab_id=&#8221;1636152774544-ec3ea92a-4bc6&#8243;][vc_column_text css=&#8221;&#8221;]\n<h3>Dag Wenstr\u00f6m<\/h3>\n<p><img loading=\"lazy\" decoding=\"async\" class=\"alignnone wp-image-21088 size-thumbnail\" src=\"https:\/\/media.swetechockey.com\/2023\/07\/DSC1922-Enhanced-NR1-1-150x150.jpeg\" alt=\"\" width=\"150\" height=\"150\" srcset=\"https:\/\/media.swetechockey.com\/2023\/07\/DSC1922-Enhanced-NR1-1-150x150.jpeg 150w, https:\/\/media.swetechockey.com\/2023\/07\/DSC1922-Enhanced-NR1-1-300x300.jpeg 300w, https:\/\/media.swetechockey.com\/2023\/07\/DSC1922-Enhanced-NR1-1-100x100.jpeg 100w, https:\/\/media.swetechockey.com\/2023\/07\/DSC1922-Enhanced-NR1-1-scaled-center-top-184x184.jpeg 184w\" sizes=\"auto, (max-width: 150px) 100vw, 150px\" \/><br \/>\n30 \u00e5rs erfarenhet med stora framg\u00e5ngar att utveckla spelare.<\/p>\n<p><strong>Kontakt:<\/strong>\u00a0<a href=\"mailto:dagge@swetechockey.com\">dagge@swetechockey.com<\/a>[\/vc_column_text][\/vc_tta_section][vc_tta_section title=&#8221;10 KORT&#8221; tab_id=&#8221;1662713531896-29e1f001-9ed4&#8243;][vc_column_text css=&#8221;&#8221;]<strong>K\u00d6P 10 &#8211; Kort!\u00a0<span style=\"color: #ff0000;\"><br \/>\n<\/span><\/strong><\/p>\n<p>Nu kan du k\u00f6pa 10 g\u00e5nger, du maila oss p\u00e5 info@swetechockey.com s\u00e5 swichar ni sedan efter bekr\u00e4ftelse <strong>6250:- SEK<\/strong> s\u00e5 bara boka p\u00e5 hemsidan via special delen 10 KORT.[\/vc_column_text][\/vc_tta_section][\/vc_tta_accordion][vc_empty_space][vc_widget_sidebar sidebar_id=&#8221;kommandeptishockey&#8221; el_class=&#8221;kommandebox&#8221;]<style>.vcex-button.vcex_69e362016a9e6{background:var(--wpex-accent);color:#ffffff!important;}.vcex-button.vcex_69e362016a9e6:hover{background:var(--wpex-accent)!important;color:#ffffff!important;}<\/style><div class=\"vc_custom_1635971834369 wpex-clr\"><a href=\"http:\/\/swetechockey.com\/kalender\/\" class=\"vcex-button theme-button align-right inline vcex_69e362016a9e6\"><span class=\"vcex-button-inner theme-button-inner wpex-flex wpex-flex-wrap wpex-items-center wpex-justify-center\">Visa kalender<\/span><\/a><\/div> [\/vc_column][vc_column][\/vc_column][\/vc_row][vc_row disable_element=&#8221;yes&#8221;][vc_column][vc_toggle title=&#8221;Fakta&#8221; style=&#8221;simple&#8221; color=&#8221;white&#8221; css=&#8221;.vc_custom_1626879140636{margin-bottom: 20px !important;}&#8221; el_id=&#8221;1506503555328-96bdc02a-01bd&#8221;]\n<ul>\n<li><strong>Utbildning:\u00a0<\/strong>\u00a02 timmar per\/spelare<\/li>\n<li><strong>L\u00e5na tr\u00e4ningstr\u00f6ja\u00a0<\/strong><\/li>\n<li><strong>Antal:<\/strong> Max 12 st spelare<\/li>\n<li><strong>Plats:<\/strong>\u00a0\u00d6ster\u00e5s Ishall\/H\u00f6vdingsgatan 16<\/li>\n<li><strong>Tid:<\/strong>\u00a0S\u00f6ndag 09.00-11.00<\/li>\n<li><strong>Samling:<\/strong> 30 min innan start<\/li>\n<\/ul>\n<p><strong>OBS!<\/strong>\u00a0Med reservation f\u00f6r \u00e4ndringar.[\/vc_toggle][vc_toggle title=&#8221;Ledare&#8221; style=&#8221;simple&#8221; color=&#8221;white&#8221; css=&#8221;.vc_custom_1626879153436{margin-bottom: 20px !important;}&#8221; el_id=&#8221;1506885112338-3da6605f-1c19&#8243;]<strong><img loading=\"lazy\" decoding=\"async\" class=\"wp-image-12397 alignleft\" src=\"http:\/\/media.swetechockey.com\/2020\/08\/dagge-scaled.jpg\" sizes=\"auto, (max-width: 107px) 100vw, 107px\" srcset=\"http:\/\/media.swetechockey.com\/2020\/08\/dagge-scaled.jpg 1920w, http:\/\/media.swetechockey.com\/2020\/08\/dagge-225x300.jpg 225w, http:\/\/media.swetechockey.com\/2020\/08\/dagge-768x1024.jpg 768w, http:\/\/media.swetechockey.com\/2020\/08\/dagge-1152x1536.jpg 1152w, http:\/\/media.swetechockey.com\/2020\/08\/dagge-1536x2048.jpg 1536w, http:\/\/media.swetechockey.com\/2020\/08\/dagge-600x800.jpg 600w\" alt=\"\" width=\"107\" height=\"143\" \/>Dag Wenstr\u00f6m.<br \/>\n<\/strong>\u00d6ver 20 \u00e5r erfarenhet inom bredd och elitverksamhet i m\u00e5nga olika l\u00e4nder som arbetsplats. Vet vad som kr\u00e4vs f\u00f6r n\u00e5 toppen.<\/p>\n<p><strong>Kontakt:<\/strong>\u00a0<a href=\"mailto:dagge@swetechockey.com\">dagge@swetechockey.com<\/a>[\/vc_toggle][vc_toggle title=&#8221;Uppl\u00e4gg&#8221; style=&#8221;simple&#8221; color=&#8221;white&#8221; css=&#8221;.vc_custom_1603620560662{margin-bottom: 20px !important;}&#8221; el_id=&#8221;1506503602233-049dd604-bbde&#8221;]<strong>Passet uppbyggnad:<\/strong><\/p>\n<ul>\n<li>Uppv\u00e4rmning och genomg\u00e5ng<\/li>\n<li>Skating \u00f6vningar<\/li>\n<li>Skills kombinerat med Klubb\/Skott<\/li>\n<\/ul>\n[\/vc_toggle][\/vc_column][\/vc_row]\n<\/div>","protected":false},"excerpt":{"rendered":"<p>[vc_row column_spacing=&#8221;60&#8243;][vc_column width=&#8221;2\/3&#8243;][vc_empty_space height=&#8221;62px&#8221;][vc_column_text css=&#8221;&#8221;] SUNDAY SKILLS &#8211; Small group Alla dessa pass har olika TEMAN med individuell inriktning, ALLTID 1 tim SKATE och 1 tim Kombo \u00f6vningar. Dessa tr\u00e4ningspass&hellip;<\/p>\n","protected":false},"author":1,"featured_media":0,"parent":16205,"menu_order":0,"comment_status":"closed","ping_status":"closed","template":"","meta":{"_price":"","_stock":"","_tribe_ticket_header":"","_tribe_default_ticket_provider":"","_tribe_ticket_capacity":"0","_ticket_start_date":"","_ticket_end_date":"","_tribe_ticket_show_description":"","_tribe_ticket_show_not_going":false,"_tribe_ticket_use_global_stock":"","_tribe_ticket_global_stock_level":"","_global_stock_mode":"","_global_stock_cap":"","_tribe_rsvp_for_event":"","_tribe_ticket_going_count":"","_tribe_ticket_not_going_count":"","_tribe_tickets_list":"[]","_tribe_ticket_has_attendee_info_fields":false,"footnotes":""},"class_list":["post-4647","page","type-page","status-publish","hentry","entry","no-media"],"_links":{"self":[{"href":"https:\/\/swetechockey.com\/startsida\/wp-json\/wp\/v2\/pages\/4647","targetHints":{"allow":["GET"]}}],"collection":[{"href":"https:\/\/swetechockey.com\/startsida\/wp-json\/wp\/v2\/pages"}],"about":[{"href":"https:\/\/swetechockey.com\/startsida\/wp-json\/wp\/v2\/types\/page"}],"author":[{"embeddable":true,"href":"https:\/\/swetechockey.com\/startsida\/wp-json\/wp\/v2\/users\/1"}],"replies":[{"embeddable":true,"href":"https:\/\/swetechockey.com\/startsida\/wp-json\/wp\/v2\/comments?post=4647"}],"version-history":[{"count":124,"href":"https:\/\/swetechockey.com\/startsida\/wp-json\/wp\/v2\/pages\/4647\/revisions"}],"predecessor-version":[{"id":25889,"href":"https:\/\/swetechockey.com\/startsida\/wp-json\/wp\/v2\/pages\/4647\/revisions\/25889"}],"up":[{"embeddable":true,"href":"https:\/\/swetechockey.com\/startsida\/wp-json\/wp\/v2\/pages\/16205"}],"wp:attachment":[{"href":"https:\/\/swetechockey.com\/startsida\/wp-json\/wp\/v2\/media?parent=4647"}],"curies":[{"name":"wp","href":"https:\/\/api.w.org\/{rel}","templated":true}]}}