{"id":4326,"date":"2017-09-27T21:17:43","date_gmt":"2017-09-27T21:17:43","guid":{"rendered":"http:\/\/swetechockey.com\/?page_id=4326"},"modified":"2020-10-25T10:31:26","modified_gmt":"2020-10-25T09:31:26","slug":"hockeyskating","status":"publish","type":"page","link":"https:\/\/swetechockey.com\/startsida\/hockeyskating\/","title":{"rendered":"Hockeyskating"},"content":{"rendered":"<div class=\"wpb-content-wrapper\">[vc_row content_placement=&#8221;middle&#8221; column_spacing=&#8221;60&#8243; typography_style=&#8221;white&#8221; css=&#8221;.vc_custom_1508270217185{margin-top: 50px !important;}&#8221;][vc_column][vc_single_image image=&#8221;7164&#8243; css_animation=&#8221;fadeInDown&#8221; alignment=&#8221;center&#8221; css=&#8221;.vc_custom_1529308384987{margin-bottom: 50px !important;}&#8221;][vc_column_text css=&#8221;.vc_custom_1534355567908{margin-bottom: 30px !important;}&#8221;]\n<h2 style=\"text-align: center;\"><span style=\"color: #f2cb2e; font-size: 36px;\"><strong>THE BEST OF SKATING<\/strong><\/span><\/h2>\n[\/vc_column_text][\/vc_column][\/vc_row][vc_row typography_style=&#8221;white&#8221; css=&#8221;.vc_custom_1533197316249{margin-bottom: 40px !important;}&#8221;][vc_column][vc_column_text]V\u00e5rt skridskokoncept utnyttja principerna om anatomi och r\u00f6relse biomekanik i v\u00e5ra metoder samt naturkrafterna som underlag, centrifugal, gravitationskrafter. Vi anpassar och skr\u00e4ddarsyr utvecklingsl\u00f6sningar till enskilda hockeyspelare och grupper f\u00f6r att varje spelare skall n\u00e5 sin b\u00e4sta niv\u00e5. Vi \u00e4r\u00a0en av dom ledande f\u00f6retagen inom skridskoutbildning och all tr\u00e4ning bygger p\u00e5 den evidensen som finns idag.<\/p>\n<p><strong><em>Skridsko\u00e5kning \u00e4r inte bara \u00f6vningar, utan en f\u00f6rst\u00e5else p\u00e5 reaktioner som p\u00e5verkar effekten p\u00e5 isen.<\/em><\/strong><\/p>\n<p><strong>Dagge<\/strong><br \/>\nProfessional Skate coach<\/p>\n<p>Vill du bli OPTIMAL din skridsko\u00e5kningen?<br \/>\nV\u00e4lkommen![\/vc_column_text][\/vc_column][\/vc_row][vc_row][vc_column][vc_video link=&#8221;https:\/\/youtu.be\/bHAxfDetCns&#8221; el_width=&#8221;80&#8243; align=&#8221;center&#8221;][\/vc_column][\/vc_row]\n<\/div>","protected":false},"excerpt":{"rendered":"<p>[vc_row content_placement=&#8221;middle&#8221; column_spacing=&#8221;60&#8243; typography_style=&#8221;white&#8221; css=&#8221;.vc_custom_1508270217185{margin-top: 50px !important;}&#8221;][vc_column][vc_single_image image=&#8221;7164&#8243; css_animation=&#8221;fadeInDown&#8221; alignment=&#8221;center&#8221; css=&#8221;.vc_custom_1529308384987{margin-bottom: 50px !important;}&#8221;][vc_column_text css=&#8221;.vc_custom_1534355567908{margin-bottom: 30px !important;}&#8221;] THE BEST OF SKATING [\/vc_column_text][\/vc_column][\/vc_row][vc_row typography_style=&#8221;white&#8221; css=&#8221;.vc_custom_1533197316249{margin-bottom: 40px !important;}&#8221;][vc_column][vc_column_text]V\u00e5rt skridskokoncept utnyttja principerna om anatomi&hellip;<\/p>\n","protected":false},"author":1,"featured_media":0,"parent":0,"menu_order":0,"comment_status":"closed","ping_status":"closed","template":"","meta":{"_price":"","_stock":"","_tribe_ticket_header":"","_tribe_default_ticket_provider":"","_tribe_ticket_capacity":"0","_ticket_start_date":"","_ticket_end_date":"","_tribe_ticket_show_description":"","_tribe_ticket_show_not_going":false,"_tribe_ticket_use_global_stock":"","_tribe_ticket_global_stock_level":"","_global_stock_mode":"","_global_stock_cap":"","_tribe_rsvp_for_event":"","_tribe_ticket_going_count":"","_tribe_ticket_not_going_count":"","_tribe_tickets_list":"[]","_tribe_ticket_has_attendee_info_fields":false,"footnotes":""},"class_list":["post-4326","page","type-page","status-publish","hentry","entry","no-media"],"_links":{"self":[{"href":"https:\/\/swetechockey.com\/startsida\/wp-json\/wp\/v2\/pages\/4326","targetHints":{"allow":["GET"]}}],"collection":[{"href":"https:\/\/swetechockey.com\/startsida\/wp-json\/wp\/v2\/pages"}],"about":[{"href":"https:\/\/swetechockey.com\/startsida\/wp-json\/wp\/v2\/types\/page"}],"author":[{"embeddable":true,"href":"https:\/\/swetechockey.com\/startsida\/wp-json\/wp\/v2\/users\/1"}],"replies":[{"embeddable":true,"href":"https:\/\/swetechockey.com\/startsida\/wp-json\/wp\/v2\/comments?post=4326"}],"version-history":[{"count":101,"href":"https:\/\/swetechockey.com\/startsida\/wp-json\/wp\/v2\/pages\/4326\/revisions"}],"predecessor-version":[{"id":25218,"href":"https:\/\/swetechockey.com\/startsida\/wp-json\/wp\/v2\/pages\/4326\/revisions\/25218"}],"wp:attachment":[{"href":"https:\/\/swetechockey.com\/startsida\/wp-json\/wp\/v2\/media?parent=4326"}],"curies":[{"name":"wp","href":"https:\/\/api.w.org\/{rel}","templated":true}]}}