{"id":3802,"date":"2017-09-25T20:53:27","date_gmt":"2017-09-25T20:53:27","guid":{"rendered":"http:\/\/swetechockey.com\/?page_id=3802"},"modified":"2020-10-25T10:34:29","modified_gmt":"2020-10-25T09:34:29","slug":"filmer","status":"publish","type":"page","link":"https:\/\/swetechockey.com\/startsida\/filmer\/","title":{"rendered":"Video"},"content":{"rendered":"<div class=\"wpb-content-wrapper\">[vc_row gap=&#8221;30&#8243; typography_style=&#8221;white&#8221; css=&#8221;.vc_custom_1529493836318{margin-bottom: 30px !important;}&#8221;][vc_column][vc_column_text]<strong>Mer filmer p\u00e5 v\u00e5r youtube kanal &#8211; Dagge64<\/strong><\/p>\n<p>OBS! Kopiera inte \u00f6vningarna, varje \u00f6vningar har ett syfte i processen.<br \/>\nAllt material \u00e4r skyddat enligt lagen om upphovsr\u00e4tt.[\/vc_column_text][vc_video link=&#8221;https:\/\/youtu.be\/tfuNu6ivZM8&#8243;][vc_column_text css=&#8221;.vc_custom_1542104659153{margin-top: 20px !important;margin-bottom: 40px !important;}&#8221;]<strong>Swetec Hockey Skating<\/strong><\/p>\n<p>V\u00e5rt skridsko koncept bygger p\u00e5 kroppens naturliga lagar, hur p\u00e5verkar gravitationen tex? Tr\u00e4na med Sebban och upplev en skicklighet som inte m\u00e5nga har. Vill du utveckla dig optimalt? Boka nu![\/vc_column_text][vc_video link=&#8221;https:\/\/youtu.be\/3yjQ1EKEXfQ&#8221;][vc_column_text css=&#8221;.vc_custom_1507566394296{margin-top: 20px !important;margin-bottom: 40px !important;}&#8221;]<strong>Swetec Hockey<\/strong><\/p>\n<p>Swetec Hockey\u00b4s m\u00e5l \u00e4r att utveckla spelare individuellt, vi anv\u00e4nder oss d\u00e4rf\u00f6r av ett antal olika pedagogiska vertyg f\u00f6r att spelaren skall f\u00f6rst\u00e5 syftet och m\u00e5let.[\/vc_column_text][vc_video link=&#8221;https:\/\/youtu.be\/L8pUI-yGnmU&#8221;][vc_column_text css=&#8221;.vc_custom_1507208808256{margin-top: 20px !important;margin-bottom: 40px !important;}&#8221;]<strong>Daggeskating i Norge<\/strong><\/p>\n<p>Sk\u00e4rkontroll med kroppskontroll, \u00a0&#8221;karlsson&#8221; och hj\u00e4rtat med skatecoach Sondre.[\/vc_column_text][vc_video link=&#8221;https:\/\/vimeo.com\/234995491&#8243;][vc_column_text css=&#8221;.vc_custom_1508309874311{margin-top: 20px !important;margin-bottom: 40px !important;}&#8221;]<strong>Fystr\u00e4ning i Funktion<\/strong><\/p>\n<p>H\u00e4r jobbar vi med 3D performance \u00f6vningar p\u00e5 Swetec Functional Gym, Swetec\u00b4s egna tr\u00e4ningsanl\u00e4ggning.[\/vc_column_text][\/vc_column][\/vc_row]\n<\/div>","protected":false},"excerpt":{"rendered":"<p>[vc_row gap=&#8221;30&#8243; typography_style=&#8221;white&#8221; css=&#8221;.vc_custom_1529493836318{margin-bottom: 30px !important;}&#8221;][vc_column][vc_column_text]Mer filmer p\u00e5 v\u00e5r youtube kanal &#8211; Dagge64 OBS! Kopiera inte \u00f6vningarna, varje \u00f6vningar har ett syfte i processen. Allt material \u00e4r skyddat enligt lagen&hellip;<\/p>\n","protected":false},"author":1,"featured_media":0,"parent":0,"menu_order":0,"comment_status":"closed","ping_status":"closed","template":"","meta":{"_price":"","_stock":"","_tribe_ticket_header":"","_tribe_default_ticket_provider":"","_tribe_ticket_capacity":"0","_ticket_start_date":"","_ticket_end_date":"","_tribe_ticket_show_description":"","_tribe_ticket_show_not_going":false,"_tribe_ticket_use_global_stock":"","_tribe_ticket_global_stock_level":"","_global_stock_mode":"","_global_stock_cap":"","_tribe_rsvp_for_event":"","_tribe_ticket_going_count":"","_tribe_ticket_not_going_count":"","_tribe_tickets_list":"[]","_tribe_ticket_has_attendee_info_fields":false,"footnotes":""},"class_list":["post-3802","page","type-page","status-publish","hentry","entry","no-media"],"_links":{"self":[{"href":"https:\/\/swetechockey.com\/startsida\/wp-json\/wp\/v2\/pages\/3802","targetHints":{"allow":["GET"]}}],"collection":[{"href":"https:\/\/swetechockey.com\/startsida\/wp-json\/wp\/v2\/pages"}],"about":[{"href":"https:\/\/swetechockey.com\/startsida\/wp-json\/wp\/v2\/types\/page"}],"author":[{"embeddable":true,"href":"https:\/\/swetechockey.com\/startsida\/wp-json\/wp\/v2\/users\/1"}],"replies":[{"embeddable":true,"href":"https:\/\/swetechockey.com\/startsida\/wp-json\/wp\/v2\/comments?post=3802"}],"version-history":[{"count":27,"href":"https:\/\/swetechockey.com\/startsida\/wp-json\/wp\/v2\/pages\/3802\/revisions"}],"predecessor-version":[{"id":25220,"href":"https:\/\/swetechockey.com\/startsida\/wp-json\/wp\/v2\/pages\/3802\/revisions\/25220"}],"wp:attachment":[{"href":"https:\/\/swetechockey.com\/startsida\/wp-json\/wp\/v2\/media?parent=3802"}],"curies":[{"name":"wp","href":"https:\/\/api.w.org\/{rel}","templated":true}]}}