{"id":1293,"date":"2015-12-08T12:35:34","date_gmt":"2015-12-08T11:35:34","guid":{"rendered":"http:\/\/swetechockey.com\/?page_id=1293"},"modified":"2025-11-05T20:50:31","modified_gmt":"2025-11-05T19:50:31","slug":"1-2-dagars-camper","status":"publish","type":"page","link":"https:\/\/swetechockey.com\/startsida\/utbildningar\/1-2-dagars-camper\/","title":{"rendered":"S\u00c4SONGSCAMPER"},"content":{"rendered":"<div class=\"wpb-content-wrapper\">[vc_row column_spacing=&#8221;60&#8243;][vc_column width=&#8221;2\/3&#8243;][vc_column_text]\n<h1><strong>S\u00c4SONGSCAMPER HELA \u00c5RET!<\/strong><\/h1>\n[\/vc_column_text][vc_empty_space][vc_single_image image=&#8221;15754&#8243; alignment=&#8221;center&#8221; css=&#8221;.vc_custom_1658502213510{margin-bottom: 30px !important;}&#8221;][vc_column_text css=&#8221;.vc_custom_1762372227822{padding-right: 30px !important;}&#8221;]\n<h2><strong>1 &#8211; 2 dagars camper &#8211; INGA &#8221;vanlig&#8221; camper!<\/strong><\/h2>\n<p>S\u00e4songscamperna <strong>SKATE &amp; SKILLS<\/strong> h\u00e5lls \u00e5ret runt med h\u00f6gsta klass f\u00f6r ungdomsspelare. Fokuset \u00e4r p\u00e5 individuell utveckling med olika f\u00e4rdigheter varje camp. Efter campen kommer du hem med \u00f6kad inspiration och kunskaper som skall leda dig till bra prestationer.<\/p>\n<h3><strong>Vi har olika teman.<\/strong><\/h3>\n<ul>\n<li><strong>Powerskating<\/strong><\/li>\n<li><strong>Skate &amp; Skills<\/strong> (Skridsko utveckling\/Klubbteknik)<\/li>\n<li><strong>Backcamp<\/strong><\/li>\n<li><strong>Skott camp<\/strong><\/li>\n<li><strong>Forward camp<\/strong><\/li>\n<\/ul>\n<h3>Varje camp inneh\u00e5ller<\/h3>\n<ul>\n<li>3 ispass &#8211; 75 min per\/pass<\/li>\n<li>12 &#8211; 16 spelare<\/li>\n<li>L\u00e5na Tr\u00f6ja (ibland damaskar)<\/li>\n<\/ul>\n<p>Hoppas att vi ses p\u00e5 n\u00e4sta camp!<br \/>\n<strong>V\u00e4lkommen!<\/strong>[\/vc_column_text][\/vc_column][vc_column width=&#8221;1\/3&#8243;][vc_empty_space][vc_widget_sidebar sidebar_id=&#8221;kommandecamper&#8221; el_class=&#8221;kommandebox&#8221;]<style>.vcex-button.vcex_69e347c3f05c1{background:var(--wpex-accent);color:#ffffff!important;}.vcex-button.vcex_69e347c3f05c1:hover{background:var(--wpex-accent)!important;color:#ffffff!important;}<\/style><div class=\"vc_custom_1635971319698 wpex-clr\"><a href=\"http:\/\/swetechockey.com\/kalender\/\" class=\"vcex-button theme-button align-right inline vcex_69e347c3f05c1\"><span class=\"vcex-button-inner theme-button-inner wpex-flex wpex-flex-wrap wpex-items-center wpex-justify-center\">Visa kalender<\/span><\/a><\/div> <figure class=\"vcex-image vcex-module wpex-text-center boxbild\"><div class=\"vcex-image-inner wpex-relative wpex-inline-block vc_custom_1756377007846\"><a href=\"http:\/\/swetechockey.com\/shsacademy\/\"><img loading=\"lazy\" class=\"vcex-image-img wpex-align-middle\" decoding=\"async\" src=\"https:\/\/media.swetechockey.com\/2025\/07\/summerchallenge_logo_2026-800x495.png\" alt=\"\" srcset=\"https:\/\/media.swetechockey.com\/2025\/07\/summerchallenge_logo_2026-800x495.png 800w, https:\/\/media.swetechockey.com\/2025\/07\/summerchallenge_logo_2026-600x370.png 600w\" width=\"800\" height=\"495\"><\/a><\/div><\/figure>[vc_column_text css=&#8221;.vc_custom_1756377273232{padding-top: 10px !important;padding-right: 30px !important;padding-bottom: 50px !important;padding-left: 30px !important;background-color: #000000 !important;}&#8221; color=&#8221;palette-25227&#8243; el_class=&#8221;boxtext&#8221;]Vecka 28, 2026 k\u00f6r vi v\u00e5r 25:e sommarvecka med 2 camper under en vecka.<\/p>\n<p><strong>Most ice in Europe<\/strong>[\/vc_column_text]<style>.vcex-button.vcex_69e347c3f2469{background:var(--wpex-palette-25225-color);color:#ffffff!important;}.vcex-button.vcex_69e347c3f2469:hover{background:var(--wpex-palette-25225-color)!important;color:#ffffff!important;}<\/style><div class=\"vc_custom_1756376959237 wpex-clr\"><a href=\"https:\/\/swetechockey.com\/startsida\/summer-challenge\/\" class=\"vcex-button theme-button align-right inline vcex_69e347c3f2469\"><span class=\"vcex-button-inner theme-button-inner wpex-flex wpex-flex-wrap wpex-items-center wpex-justify-center\">L\u00e4s mer<\/span><\/a><\/div> [\/vc_column][\/vc_row]\n<\/div>","protected":false},"excerpt":{"rendered":"<p>[vc_row column_spacing=&#8221;60&#8243;][vc_column width=&#8221;2\/3&#8243;][vc_column_text] S\u00c4SONGSCAMPER HELA \u00c5RET! [\/vc_column_text][vc_empty_space][vc_single_image image=&#8221;15754&#8243; alignment=&#8221;center&#8221; css=&#8221;.vc_custom_1658502213510{margin-bottom: 30px !important;}&#8221;][vc_column_text css=&#8221;.vc_custom_1762372227822{padding-right: 30px !important;}&#8221;] 1 &#8211; 2 dagars camper &#8211; INGA &#8221;vanlig&#8221; camper! S\u00e4songscamperna SKATE &amp; SKILLS h\u00e5lls \u00e5ret&hellip;<\/p>\n","protected":false},"author":1,"featured_media":0,"parent":16205,"menu_order":0,"comment_status":"closed","ping_status":"closed","template":"","meta":{"_price":"","_stock":"","_tribe_ticket_header":"","_tribe_default_ticket_provider":"","_tribe_ticket_capacity":"0","_ticket_start_date":"","_ticket_end_date":"","_tribe_ticket_show_description":"","_tribe_ticket_show_not_going":false,"_tribe_ticket_use_global_stock":"","_tribe_ticket_global_stock_level":"","_global_stock_mode":"","_global_stock_cap":"","_tribe_rsvp_for_event":"","_tribe_ticket_going_count":"","_tribe_ticket_not_going_count":"","_tribe_tickets_list":"[]","_tribe_ticket_has_attendee_info_fields":false,"footnotes":""},"class_list":["post-1293","page","type-page","status-publish","hentry","entry","no-media"],"_links":{"self":[{"href":"https:\/\/swetechockey.com\/startsida\/wp-json\/wp\/v2\/pages\/1293","targetHints":{"allow":["GET"]}}],"collection":[{"href":"https:\/\/swetechockey.com\/startsida\/wp-json\/wp\/v2\/pages"}],"about":[{"href":"https:\/\/swetechockey.com\/startsida\/wp-json\/wp\/v2\/types\/page"}],"author":[{"embeddable":true,"href":"https:\/\/swetechockey.com\/startsida\/wp-json\/wp\/v2\/users\/1"}],"replies":[{"embeddable":true,"href":"https:\/\/swetechockey.com\/startsida\/wp-json\/wp\/v2\/comments?post=1293"}],"version-history":[{"count":174,"href":"https:\/\/swetechockey.com\/startsida\/wp-json\/wp\/v2\/pages\/1293\/revisions"}],"predecessor-version":[{"id":25630,"href":"https:\/\/swetechockey.com\/startsida\/wp-json\/wp\/v2\/pages\/1293\/revisions\/25630"}],"up":[{"embeddable":true,"href":"https:\/\/swetechockey.com\/startsida\/wp-json\/wp\/v2\/pages\/16205"}],"wp:attachment":[{"href":"https:\/\/swetechockey.com\/startsida\/wp-json\/wp\/v2\/media?parent=1293"}],"curies":[{"name":"wp","href":"https:\/\/api.w.org\/{rel}","templated":true}]}}